ple of 1498?
True
Is 299320477 a multiple of 137?
True
Is 19260942 a multiple of 4?
False
Is 1291864 a multiple of 68?
True
Does 63 divide 40087934?
False
Is 89789481 a multiple of 9?
True
Does 6 divide 24354207?
False
Does 748 divide 246049383?
False
Is 122 a factor of 686450568?
True
Is 64 a factor of 152163712?
True
Does 5218 divide 566542377?
False
Is 158 a factor of 110719922?
True
Is 5 a factor of 27907730?
True
Is 156056074 a multiple of 6?
False
Does 85 divide 48974998?
False
Is 13 a factor of 15602626?
True
Is 4145 a factor of 773275491?
False
Does 7 divide 535679907?
True
Does 13 divide 19374875?
True
Is 51 a factor of 3338184165?
False
Is 990 a factor of 105735960?
True
Does 13 divide 175051981?
True
Does 44 divide 56493976?
True
Is 33 a factor of 45869046?
False
Is 1714 a factor of 293484007?
False
Does 369 divide 13334553?
True
Is 91 a factor of 9467003?
True
Is 327 a factor of 1480097472?
False
Is 83756280 a multiple of 20?
True
Does 9 divide 11203434?
True
Does 162 divide 1814262624?
True
Is 11 a factor of 40112523?
True
Is 323767334 a multiple of 1481?
True
Does 100 divide 147506845?
False
Is 10 a factor of 2189305319?
False
Is 7170 a factor of 197235548?
False
Is 1504857672 a multiple of 1320?
False
Does 1682 divide 3639660261?
False
Does 199 divide 27683089?
True
Does 27 divide 136879038?
True
Is 3771 a factor of 202389570?
True
Is 375 a factor of 239616000?
True
Does 54 divide 1269480816?
True
Does 2039 divide 219265904?
True
Does 3196 divide 1640992442?
False
Does 39 divide 438642399?
True
Is 31459356 a multiple of 75?
False
Is 248360615 a multiple of 3229?
False
Is 1880 a factor of 4669679360?
True
Does 111 divide 2165720197?
False
Is 10 a factor of 221753030?
True
Is 533 a factor of 366298455?
False
Does 4319 divide 151700556?
True
Is 1183828828 a multiple of 28?
True
Does 132 divide 584855172?
True
Does 12 divide 107249665?
False
Is 64 a factor of 831672896?
True
Is 24 a factor of 925028976?
True
Is 61184237 a multiple of 349?
True
Is 49421855 a multiple of 715?
False
Is 121783464 a multiple of 19?
True
Does 648 divide 439906439?
False
Does 50 divide 1977441819?
False
Is 660455994 a multiple of 1702?
True
Does 154 divide 2994413422?
True
Does 24 divide 522683449?
False
Does 3 divide 1331610?
True
Does 9049 divide 3918217?
True
Is 15389783 a multiple of 677?
False
Does 8 divide 19178353?
False
Is 244 a factor of 2470748?
False
Does 206 divide 720542471?
False
Does 6135 divide 475951040?
False
Is 14 a factor of 1829687379?
False
Does 8 divide 1771426?
False
Is 2977 a factor of 248594385?
True
Is 11 a factor of 273914963?
False
Does 142 divide 436972056?
True
Does 3 divide 784252803?
True
Does 33 divide 138251685?
True
Is 118 a factor of 15719267?
False
Is 114 a factor of 98046769?
False
Is 2581337448 a multiple of 12?
True
Is 252 a factor of 367614048?
False
Is 575 a factor of 74295175?
True
Does 842 divide 15351943?
False
Is 45 a factor of 240385224?
False
Is 28545163 a multiple of 19?
True
Does 46 divide 228745902?
True
Is 1100 a factor of 653184400?
True
Does 2112 divide 63511464?
False
Is 17 a factor of 48017424?
False
Is 3430616888 a multiple of 14?
False
Is 359951760 a multiple of 504?
True
Is 70 a factor of 137822614?
False
Is 61160676 a multiple of 133?
False
Is 313692753 a multiple of 7?
False
Does 25 divide 103840925?
True
Is 47 a factor of 9265674?
True
Is 35 a factor of 250199354?
False
Is 36 a factor of 65235866?
False
Is 33830324 a multiple of 326?
True
Is 85100295 a multiple of 35?
True
Is 223797370 even?
True
Is 1590196 a multiple of 4?
True
Is 875017880 a multiple of 3740?
True
Does 366 divide 26853786?
True
Is 430 a factor of 27235899?
False
Is 292 a factor of 13773374?
False
Is 448386104 a multiple of 5538?
False
Does 2 divide 44831261?
False
Is 20 a factor of 105288620?
True
Is 3 a factor of 716655?
True
Is 19746071 a multiple of 29?
True
Is 8 a factor of 107288214?
False
Does 42 divide 73046610?
True
Is 64883637 a multiple of 2951?
True
Does 46 divide 485131450?
False
Is 235409765 a multiple of 13379?
False
Is 39587378 a multiple of 13?
False
Is 32274840 a multiple of 68?
True
Is 575735772 a multiple of 258?
True
Does 40 divide 29074675?
False
Is 59547182 a multiple of 317?
True
Does 33 divide 118630405?
False
Does 1249 divide 61678114?
False
Is 28 a factor of 628189548?
True
Is 257813918 a multiple of 2821?
False
Is 59 a factor of 1252428433?
False
Is 8058419 a multiple of 73?
False
Is 78724329 a multiple of 14?
False
Does 143 divide 137583160?
True
Is 36762842 a multiple of 479?
False
Does 453 divide 145265600?
False
Is 136 a factor of 141081139?
False
Does 272 divide 387499632?
True
Is 514 a factor of 16138750?
False
Is 620713218 a multiple of 12?
False
Is 82 a factor of 16532430?
True
Does 3 divide 149846956?
False
Is 14 a factor of 103733661?
False
Is 1191 a factor of 200263077?
True
Is 247601124 a multiple of 2754?
True
Is 100561749 a multiple of 13?
False
Does 549 divide 384709934?
False
Does 849 divide 70770942?
True
Does 8 divide 26690459?
False
Is 10974558 a multiple of 70?
False
Is 4881826494 a multiple of 1206?
True
Is 7 a factor of 70088371?
False
Does 32 divide 3129860026?
False
Is 1004 a factor of 473173152?
True
Is 18 a factor of 718359354?
True
Is 25007675 a multiple of 175?
True
Is 88 a factor of 217539130?
False
Does 1032 divide 4230569448?
True
Does 334 divide 468045057?
False
Does 1582 divide 2534716193?
False
Does 1548 divide 766662480?
True
Is 72 a factor of 1284195960?
True
Is 481030983 a multiple of 41?
True
Is 3265530 a multiple of 190?
True
Is 525982 a multiple of 337?
False
Does 226 divide 512592969?
False
Is 3 a factor of 55531?
False
Is 11 a factor of 4718404428?
False
Is 493 a factor of 51121635?
True
Is 4 a factor of 148060?
True
Is 225644723 a multiple of 1223?
True
Does 357 divide 7603029?
True
Does 1538 divide 119361104?
True
Does 49 divide 2276405785?
False
Is 7708392 a multiple of 2286?
True
Is 13082454 a multiple of 4?
False
Does 77 divide 47657225?
True
Does 32 divide 3185024?
True
Does 123 divide 8001938?
False
Does 13 divide 19377046?
True
Is 57758128 a multiple of 4?
True
Does 17 divide 178524627?
False
Is 802 a factor of 900528402?
False
Is 92302412 a multiple of 168?
False
Is 546 a factor of 23072854?
False
Does 85 divide 47857267?
False
Is 37 a factor of 345281543?
False
Is 27 a factor of 163230336?
True
Is 57 a factor of 4201038?
False
Is 25 a factor of 16823753?
False
Does 2532 divide 470967192?
True
Is 81520425 a multiple of 2485?
True
Does 462 divide 51478110?
False
Is 1208051270 a multiple of 8?
False
Is 2360 a factor of 637941231?
False
Does 8460 divide 5175904140?
True
Is 2637097 a multiple of 50?
False
Does 30 divide 4302570?
True
Does 147 divide 3390457098?
True
Is 2904919166 a multiple of 514?
False
Does 492 divide 304367994?
False
Is 778277908 a multiple of 41?
True
Does 502 divide 87105175?
False
Is 72 a factor of 28261872?
True
Does 1106 divide 937118127?
False
Does 1014 divide 261114126?
True
Does 49 divide 554533?
True
Is 1127629595 a multiple of 175?
False
Does 17 divide 214121562?
True
Does 126 divide 159980184?
True
Is 21647250 a multiple of 225?
True
Is 141624629 a multiple of 551?
False
Is 248692155 a multiple of 1119?
True
Does 350 divide 3161254?
False
Is 18 a factor of 64784808?
True
Does 145 divide 136285473?
False
Is 3 a factor of 78174627?
True
Does 11 divide 21176971?
False
Does 209 divide 93665440?
True
Does 1082 divide 495876992?
False
Is 1857 a factor of 465915729?
True
Does 673 divide 252185214?
True
Does 26 divide 111727633?
False
Is 2269 a factor of 149976362?
True
Is 7162476071 a multiple of 181?
True
Is 55 a factor of 941506170?
True
Does 135 divide 2457681210?
True
Is 228095409 a multiple of 2669?
True
Does 10397 divide 6671744503?
True
Is 96737741 a multiple of 21?
False
Does 121 divide 4791482404?
False
Is 3798432 a multiple of 11?
True
Does 2 divide 16097465?
False
Is 11 a factor of 15871332?
False
Is 6 a factor of 174609742?
False
Does 8 divide 208164270?
False
Does 2 divide 7728013?
False
Is 55 a factor of 2357071247?
False
Is 1357375631 a multiple of 21?
False
Is 56580984 a multiple of 1476?
True
Is 32484042 a multiple of 18?
True
Does 1658 divide 5106001670?
True
Does 9 divide 173353433?
False
Is 920555376 a mu